(-16) - 585/(-52). Calculate the greatest common divisor of 33 and b.
11
Suppose -139*l + 17286 = -20939. What is the highest common factor of 2365 and l?
55
Let u be 2/(5/(130/4)). Let p(m) = 5*m**3 - 283*m**2 + 2184*m - 1. Let g be p(9). Calculate the highest common divisor of g and u.
13
Let y = -1 - -4. Let r be (-4)/10 + 1 - (-3720)/300. Suppose -r = y*q - 49. What is the highest common factor of 8 and q?
4
Let l(m) = -m**3 - 9*m**2 + 9*m - 8. Let a be l(-10). Let o be (-2*3/(-6))/(a/52). Let y = -7 - -9. Calculate the greatest common factor of y and o.
2
Suppose -89*g - 896*g = -10157 - 4618. Let k be -6*(-1 - 22/(-4)). Let t = k - -192. What is the greatest common divisor of g and t?
15
Let t = 43 - 31. Suppose -t*m - 756 = -18*m. What is the highest common factor of m and 3?
3
Let q(d) = d**3 - 17*d**2 + 26*d + 130. Let t be q(20). What is the greatest common factor of t and 100?
50
Let k = -2172 - -2317. Calculate the highest common factor of k and 493.
29
Let j = -1267 + 2317. Calculate the greatest common divisor of j and 75.
75
Let w be (-3)/((-9)/2)*15. Let l = -586 + 604. Suppose -5 = -l*t + 17*t. Calculate the greatest common divisor of w and t.
5
Suppose -3*r + 1162 = -q, 5*q - 1040 = -4*r + 484. Suppose 8*j + 2632 = 944. Let h = r + j. What is the highest common divisor of 25 and h?
25
Suppose 0 = -3*v - 4*y + 84, 0 = v + 3*y + 5 - 28. Let r be v + 2 - (-1 - -1). Let p = 64370 + -64319. Calculate the greatest common divisor of p and r.
17
Let z be ((-9)/2)/(24/(-224)). Let p be (-7)/z - 1/(-6). Let m be (1 - p)/(((-42)/450)/(-7)). What is the highest common factor of 30 and m?
15
Suppose 0 = -3*u - 6 - 9, 53 = -3*n + 2*u. Let q = -3 - n. What is the highest common factor of q and 144?
18
Let x be ((-144)/96)/(9798/3268 + -3). Calculate the greatest common factor of 133 and x.
19
Let j be 3*1 + -13 + 10 + 4908. What is the greatest common divisor of j and 12?
12
Suppose 558 - 1854 = -64*t + 944. What is the highest common factor of 574 and t?
7
Suppose 3*t + 3 = -4*u, -40 = u - 6*u + 5*t. What is the greatest common factor of 146 and u?
1
Let l be (-4 + 11)*((-72)/(-28) - 2). Suppose -s - 5*u = -18, -l*u + 27 = 3*s - 16. Calculate the greatest common divisor of 221 and s.
13
Let q(g) = -406*g**3 - g**2 + 23*g + 34. Let l be q(-2). What is the greatest common divisor of l and 64?
32
Suppose 184 = -4*l - 100. Let f = l + 120. What is the highest common factor of f and 28?
7
Let q be 163/1 - (-1 - 27/9). Let o = -103 + q. What is the greatest common factor of o and 48?
16
Let l be -138*(-16)/96 - 1. Let r be (-44)/6*(-3)/2. What is the greatest common factor of l and r?
11
Suppose 4*r - 268 = -3*f, -120*r - 5*f + 101 = -119*r. Calculate the highest common factor of r and 793.
61
Let d(h) = -243*h + 1712. Let g be d(7). What is the highest common divisor of 29 and g?
1
Let h(t) = t**3 + 28*t**2 + 76*t + 32. Let n be h(-25). Let v(p) = -5*p + 41. Let b be v(n). What is the highest common factor of 66 and b?
6
Let j(n) = n**3 + 24*n**2 - 26*n + 19. Let q be j(-24). Let w = q + -445. Calculate the greatest common divisor of w and 126.
18
Let p be 30/6 - (2*-6)/(-3). Let v = 1015 + -974. What is the highest common factor of v and p?
1
Let q be ((-112)/21)/(-16) + 397/(-3). Let i be (-27)/(-2) + (-198)/q. Calculate the greatest common divisor of i and 2.
1
Let z(w) = -2*w**2 + 14*w - 10. Let k be z(5). Let v(q) = 5*q - 24. Let s be v(k). What is the highest common divisor of 91 and s?
13
Let i(s) = 9*s**2 + 61*s + 58. Let j be i(-6). Calculate the greatest common factor of 584 and j.
8
Let j(o) = 2*o**2 + 48*o - 2. Let u be j(-20). Let s be (3 + 3 + -1)*u/(-45). What is the highest common divisor of s and 96?
6
Suppose -4*m = 33*j - 37*j + 1144, 1639 = 6*j + 5*m. Calculate the highest common divisor of 31 and j.
31
Let j(k) = -17*k + 9. Let f be j(-9). Let m = 95 - f. Let c = 70 + m. What is the highest common divisor of 3 and c?
3
Let w(o) = 2*o**3 - 19*o**2 + 89*o - 3. Let d be w(5). What is the greatest common factor of d and 7?
7
Let j be ((-34)/8 + -4)/(-5 + (-942)/(-192)). Calculate the highest common factor of j and 2992.
88
Suppose -48*z + 47*z + 492 = -3*y, 2*y + 2008 = 4*z. Calculate the highest common divisor of z and 1440.
72
Let y be 4 - 120/28 - ((-2589704)/91 - -1). Calculate the highest common divisor of y and 597.
199
Let b(l) = -l**3 - 3*l**2 - 2*l. Let x be b(-2). Suppose x = 5*t - 6*t - 7. Let u be ((-58)/8)/(-1 - t/8). What is the greatest common factor of u and 29?
29
Let o be ((-5)/((-175)/(-340)))/((-38)/665). What is the highest common factor of o and 63920?
170
Suppose 19*r + 20 = 115. Let a(n) = -3*n**3 + 16*n**2 - 3*n + 5. Let l be a(r). Suppose 3*q + 45 = 6*q. Calculate the highest common divisor of l and q.
15
Suppose -9*u + 13*u - 288 = -12*u. What is the highest common divisor of 3249 and u?
9
Suppose -62*r - 50*r = -98*r - 1022. What is the greatest common factor of 4 and r?
1
Let u(j) = -2*j**3 + 44*j**2 - 137*j + 38. Let b be u(18). What is the greatest common divisor of 20 and b?
4
Suppose 7*g + 312 = -g. Let m = 43 + g. Suppose 0 = 6*l - m*l - 240. Calculate the greatest common factor of l and 24.
24
Suppose 536 = 13*u - 712. What is the highest common divisor of u and 1552?
16
Let x be (-3)/6 + 331/2. Suppose -986*z + 182 = -993*z + 1799. Calculate the highest common divisor of x and z.
33
Let w(m) = -m**3 + 14*m**2 - 12*m - 9. Let g be w(14). Let k be g + 4 - (2 + -5). Let b = 449 + k. What is the greatest common divisor of b and 31?
31
Suppose 32*y = 96*y - 2560. Calculate the greatest common divisor of 380 and y.
20
Suppose 176*h = 248159 + 36157 + 226788. Calculate the greatest common divisor of 120 and h.
24
Let g(h) be the third derivative of 2*h**5/15 + 2*h**4 - 2*h**3/3 + 38*h**2. Let f be g(-7). Calculate the greatest common factor of f and 26.
26
Let z = 2036 - 2000. Suppose 5 - 20 = -3*s. Suppose 60 = s*v + 4*y - 68, 3*y = -3*v + 78. What is the greatest common divisor of z and v?
12
Let t be 329805/1155 - 6/11. What is the greatest common divisor of 255 and t?
15
Let m = -10156 - -10978. Calculate the greatest common factor of 66 and m.
6
Let u = 27832 - 27820. Let g = 48 + 45. What is the highest common divisor of u and g?
3
Let h = -412 - -429. Let a(n) = n**3 - 15*n**2 - 25*n. Let o be a(h). Calculate the greatest common factor of o and 17.
17
Let t = -14498 - -22085. Calculate the greatest common divisor of 108 and t.
27
Suppose -65*g + 72*g = 42. What is the highest common factor of 891 and g?
3
Let l = 155 - 24. Let k = -125 + l. What is the greatest common divisor of k and 48?
6
Let j = 10382 + -8303. Calculate the greatest common factor of j and 198.
99
Let u be (50 - 48)/(-3 - 16347/(-5448)). Calculate the greatest common divisor of u and 4.
4
Suppose 5*m + 275 = 5*t, -4*t + 6*t = -3*m + 135. Suppose -390 = -9*i - 66. What is the highest common factor of t and i?
12
Let j(d) = -d**3 + d**2 + 24*d - 12. Let i be j(-5). Calculate the highest common divisor of i and 780.
6
Let c = -24247 - -24331. Suppose n + 3*h - 51 = 0, -5*n + 0*h + 185 = h. Calculate the greatest common factor of n and c.
12
Suppose -3*o = 15, 3*i = 5*o - 2*o + 27. Suppose -f + i = -5*f. Let j be (-21)/f*24/14. What is the highest common divisor of 4 and j?
4
Suppose 76*o = 65*o + 2299. Suppose o = 11*p - 7*p - 3*u, 5*p - 300 = -4*u. Calculate the highest common divisor of p and 364.
28
Let v be (-4)/1*(-20)/16. Let m be (-8)/6 - (103/(-3) + v). Let z be (-296)/(-7) - 8/m. What is the greatest common divisor of z and 6?
6
Suppose -27*z + 25*z - 8002 = -2*v, -5*z = 4*v - 15959. Calculate the greatest common factor of v and 108.
108
Let b = -77 + 115. Let h be b/8 - ((-17)/4 + 4). Suppose h*c - 266 = -2*c. Calculate the greatest common factor of c and 76.
38
Suppose -2*h + 2 + 9 = -p, -h - 2*p = 7. Suppose 2*i = -3*i - h*c + 93, 3*i = -4*c + 47. What is the highest common factor of i and 28?
7
Suppose -d + 27 = 23. Suppose 0 = d*s + 786 - 1050. Let q = -15 + 21. Calculate the greatest common factor of s and q.
6
Suppose 50075 - 9053 = 258*o. What is the highest common factor of o and 60?
3
Let t be 486/(-3 + 6) + 3*1. Suppose -t = -2*r + 7*r. Let u = -27 - r. What is the highest common divisor of u and 78?
6